{"id":60,"date":"2020-03-17T08:49:02","date_gmt":"2020-03-17T08:49:02","guid":{"rendered":"http:\/\/www.vs-gilgenberg.at\/?page_id=60"},"modified":"2025-07-21T09:57:39","modified_gmt":"2025-07-21T09:57:39","slug":"impresssum","status":"publish","type":"page","link":"https:\/\/www.vs-gilgenberg.at\/?page_id=60","title":{"rendered":"Impressum"},"content":{"rendered":"\n<figure class=\"wp-block-table\"><table><tbody><tr><td>Alle hier verwendeten Namen, Begriffe, Zeichen und Grafiken k\u00f6nnen Marken- oder Warenzeichen im Besitze ihrer rechtlichen Eigent\u00fcmer sein. Die Rechte aller erw\u00e4hnten und benutzten Marken- und Warenzeichen liegen ausschlie\u00dflich bei deren Besitzern.,<br>Diese Website benutzt einen externen Besucherz\u00e4hler von (besucherzaehler-kostenlos.de). Alles bleibt v\u00f6llig anonym.<\/td><\/tr><tr><td><strong>Volksschule Gilgenberg am Weilhart<\/strong><br>5133 Gilgenberg, Ober\u00f6sterreich<br>07728\/8001&nbsp;<a href=\"http:\/\/web.archive.org\/web\/20180811184918\/http:\/\/www.vs-gilgenberg.at\/\">www.vs-gilgenberg.at<\/a> &nbsp;<a href=\"mailto:s404161@lsr.eduhi.at\">s404161@schule-ooe.at<\/a><\/td><\/tr><tr><td><strong>Technische Angaben<\/strong><br>Technisch Verantwortliche:<br>Prof. Katrin Habl<br><br><\/td><\/tr><\/tbody><\/table><\/figure>\n","protected":false},"excerpt":{"rendered":"<p>Alle hier verwendeten Namen, Begriffe, Zeichen und Grafiken k\u00f6nnen Marken- oder Warenzeichen im Besitze ihrer rechtlichen Eigent\u00fcmer sein. Die Rechte aller erw\u00e4hnten und benutzten Marken- und Warenzeichen liegen ausschlie\u00dflich bei deren Besitzern.,Diese Website benutzt einen externen Besucherz\u00e4hler von (besucherzaehler-kostenlos.de). Alles &hellip; <\/p>\n","protected":false},"author":2,"featured_media":0,"parent":0,"menu_order":0,"comment_status":"closed","ping_status":"closed","template":"","meta":[],"_links":{"self":[{"href":"https:\/\/www.vs-gilgenberg.at\/index.php?rest_route=\/wp\/v2\/pages\/60"}],"collection":[{"href":"https:\/\/www.vs-gilgenberg.at\/index.php?rest_route=\/wp\/v2\/pages"}],"about":[{"href":"https:\/\/www.vs-gilgenberg.at\/index.php?rest_route=\/wp\/v2\/types\/page"}],"author":[{"embeddable":true,"href":"https:\/\/www.vs-gilgenberg.at\/index.php?rest_route=\/wp\/v2\/users\/2"}],"replies":[{"embeddable":true,"href":"https:\/\/www.vs-gilgenberg.at\/index.php?rest_route=%2Fwp%2Fv2%2Fcomments&post=60"}],"version-history":[{"count":6,"href":"https:\/\/www.vs-gilgenberg.at\/index.php?rest_route=\/wp\/v2\/pages\/60\/revisions"}],"predecessor-version":[{"id":2273,"href":"https:\/\/www.vs-gilgenberg.at\/index.php?rest_route=\/wp\/v2\/pages\/60\/revisions\/2273"}],"wp:attachment":[{"href":"https:\/\/www.vs-gilgenberg.at\/index.php?rest_route=%2Fwp%2Fv2%2Fmedia&parent=60"}],"curies":[{"name":"wp","href":"https:\/\/api.w.org\/{rel}","templated":true}]}}